e tens digit of o?
2
Let s(a) = -a + 6. Let b be s(3). Let h be (b/(-9))/((-3)/1269). What is the units digit of (2/(-2))/((-3)/h)?
7
Suppose 3687 - 437 = 10*q. What is the units digit of q?
5
Suppose -3819 = -9*u - 786. What is the units digit of u?
7
Let k(p) = -4*p + 2*p + 10*p**2 + 2 - 5. Suppose -6 + 52 = -23*b. What is the tens digit of k(b)?
4
Let z be 3/2 + (-114)/(-12). Suppose -7 = -4*a - z. Let t(r) = -44*r**3 - r**2 + 1. What is the units digit of t(a)?
4
Let g = -29 + 19. Let t(l) = -l**2 - 12*l - 2. Let s be t(g). What is the tens digit of 2/(-3) + 408/s?
2
Suppose 5 = 5*u + 5*n, -2*u - 2*u - n + 7 = 0. Let h be 351/18 + u/4. Suppose -p = -2*d - 30, h - 110 = -3*p - 3*d. What is the tens digit of p?
3
Let p = 16 - 10. Let o(u) = -8*u - 13. Let s be o(p). Let d = s - -90. What is the tens digit of d?
2
What is the units digit of (0 - -1)*(592 - 29)?
3
Let y(w) = -2*w - 6. Let i be y(-11). Suppose 2*b = i - 12. What is the units digit of b?
2
What is the tens digit of (-26)/(3*(-6)/27)?
3
Let q(z) be the second derivative of z**5/40 - 5*z**4/12 + z**3/3 + 6*z. Let j(f) be the second derivative of q(f). What is the tens digit of j(7)?
1
What is the hundreds digit of (-1 - -21)*(1245/20 + 3)?
3
Let q(l) = 5*l**2 - 6*l - 33. Let v(a) = -4*a**2 + 5*a + 33. Let z(o) = 5*q(o) + 6*v(o). Suppose 6*i - 3 + 3 = 0. What is the units digit of z(i)?
3
Suppose 9*m - 19 + 10 = 0. What is the units digit of m?
1
Let k(g) = 94*g - 4. Let w be k(1). Suppose w = 5*j - 290. What is the units digit of j?
6
Suppose 4*y - 800 = -v - 2*v, -3*y - 1343 = -5*v. Suppose -5*d + v = -4*w, w = 4*d - 60 - 161. What is the tens digit of d?
5
Suppose -9*j + 15208 = -7004. What is the units digit of j?
8
Let l = -1332 + 1933. What is the tens digit of l?
0
Let w(i) = -2*i**3 - 16*i**2 + 29*i - 8. What is the tens digit of w(-17)?
0
What is the units digit of ((-69)/4)/((-30)/680)?
1
Let o(g) = 3*g + 5. Let x be o(-5). Suppose 9*j - 40 = 17*j. What is the units digit of (-2)/j - 76/x?
8
Let c(p) = -p**3 - 4*p**2 - 4*p - 3. Let q be c(-3). Suppose 2*s = 5*v - 17, q = s - 3*v + 5 + 2. Let w = 9 - s. What is the units digit of w?
5
Let s be 1080/42 + 4/14. Suppose 3*d - 41 = 22. Let o = d + s. What is the tens digit of o?
4
Let t = 622 - 183. What is the tens digit of t?
3
Let a(q) = q**3 - 7*q**2 - 5*q + 2. Suppose 2*w + 2 = 2*b - 7*b, 0 = -4*w - 4. Suppose b = v - 0*v - 8. What is the units digit of a(v)?
6
What is the thousands digit of ((-15)/2)/(-5*(-30)/(-23000))?
1
Let k = -183 - -1562. What is the tens digit of k?
7
Suppose 5*g = -w + 25, -2*g - 2*w + 10 = -0*g. Let j(n) = 12*n - 6. What is the units digit of j(g)?
4
Suppose 2*m + 2*m = -3*l + 7092, 0 = -4*l + 4*m + 9428. What is the hundreds digit of l?
3
Let h(m) = 4*m**2 + 172*m - 26. What is the thousands digit of h(-49)?
1
Suppose 5*g + 468 - 1725 = 2*p, 0 = 4*g + 3*p - 1001. What is the tens digit of g?
5
Let d(i) = i**2 - 14*i + 13. Let x be d(13). Suppose x = -j + 5 - 0. Suppose -j*c + 16 = -69. What is the units digit of c?
7
Let c(r) = -54*r - 13. What is the units digit of c(-5)?
7
Suppose 5*c = 2*c - 2*d + 625, 0 = 3*c - 2*d - 605. What is the hundreds digit of c?
2
Let x(p) = 2*p**2 - 2*p. Let l be x(3). Let o be 1/(-4) - (-75)/l. Let s = 39 - o. What is the tens digit of s?
3
Suppose -12*f - 5220 = -30*f. What is the tens digit of f?
9
Suppose 0*r - 269 = 5*r + 3*z, 3*r - 5*z = -141. Let v = r - -126. What is the units digit of v?
4
What is the hundreds digit of (23/(-1) + -2)/((-10)/400)?
0
Let p = -165 + 1536. What is the units digit of p?
1
Let v be (-18)/9*1*-2. Suppose 5*p = -v*h + 56, -h + 2 = 2*p - 21. What is the units digit of p?
2
Let b = -48 + 51. Suppose -w + 98 = 2*f, -b*w - 234 = -6*f + f. What is the tens digit of f?
4
Let k be ((-1)/2)/(4/8). Let x be -1 - (-2 - k) - -20. Suppose -m = -5*n - x, n + 2*n + 108 = 3*m. What is the tens digit of m?
4
Let h = 3 + -3. Let a = -100 - -174. Suppose h = 5*c - a - 1. What is the tens digit of c?
1
Let g = 2 + -1. Let z be g*-2 + -4 + 4. What is the units digit of ((-1)/z)/(12/720)?
0
Let x be 4/1 - (-13 + -241). Let v = -62 + x. What is the hundreds digit of v?
1
What is the units digit of 14 + -6 - -520 - 7?
1
Suppose -5*k = -4*q - 71 - 19, 2*k + q = 36. Suppose -k = -s + 21. What is the tens digit of s?
3
Let u(b) = -36*b + 28. What is the tens digit of u(-11)?
2
Suppose 0 = -39*s + 38*s - 8. What is the units digit of (0 + s/20)/(2/(-600))?
0
Suppose 2*w - 729 = 3*k - 44, 3*w - 4*k = 1028. What is the units digit of w?
4
Suppose 5910 = 457*l - 451*l. What is the tens digit of l?
8
Let i = 37 + -33. Suppose 3*a = 15, -i*u + 76 = -2*u - 2*a. What is the tens digit of u?
4
Let q be -6 + 1*1/1. Let t = q + 5. Suppose d - 7 - 24 = t. What is the units digit of d?
1
Let j be 1/(-3) - 2/(-9)*-579. Let a = -39 - j. What is the units digit of a?
0
Suppose 142*s - 134*s - 696 = 0. What is the tens digit of s?
8
Let k(o) = o**3 + 11*o - 3*o**2 - 9*o**2 + 7 - 5. Let n be 1 + -1 - (-9 + -2). What is the units digit of k(n)?
2
Let c(z) = 11*z**2 + z - 2. Let o be (1*(2 + -1))/1. Let k be c(o). Suppose k*i = 7*i + 90. What is the tens digit of i?
3
Let x(f) = 2*f**2 + 38*f. Let j be x(-19). Suppose -4*t - 3*v + 332 = j, -13*t + 332 = -9*t - 3*v. What is the tens digit of t?
8
Let n(t) = -151*t + 42. What is the tens digit of n(-14)?
5
Suppose 3*y = -7*y + 4580. What is the tens digit of y?
5
Let h = -553 - -1124. What is the units digit of h?
1
Let y be 6/10 + (-24)/40. Suppose -z - 135 = 2*p - 4*p, y = 2*p + 3*z - 115. Let q = -30 + p. What is the units digit of q?
5
Let g be (-45)/25*50/(-6). Let p(z) = -z + 20. What is the units digit of p(g)?
5
Let p(u) = 2*u**3 + 19*u**2 - 13*u + 2. Let i be p(-9). Let q = i - 71. What is the hundreds digit of q?
1
Let s = 20 + -20. Suppose l - 4*l + 2*h + 81 = s, l - 3*h = 27. What is the units digit of l?
7
Let o(f) = 2*f - 15. Let l be o(9). Suppose 4 + 5 = 5*d - 2*x, -2*x - l = -3*d. Suppose 147 = 3*k - d*h, -35 = -2*k - 3*h + 48. What is the tens digit of k?
4
Suppose 5*t - 3*v - 1088 = -147, 0 = 3*v + 6. Let y = t - 118. What is the units digit of y?
9
Let i = 92 + -95. Let l(m) = -6*m + 5. Let c be l(4). What is the tens digit of (c/2)/(i/6)?
1
Suppose -p + 2*p = -5*b + 5885, 1186 = b + 2*p. What is the units digit of (b/(-36))/(0 - (-2)/(-6))?
8
What is the tens digit of (-144 - -148) + (-2)/(2/(-1029))?
3
Suppose u + 11 = 3*t, -2*t - 9 = -5*u + 1. Suppose u*j = 21 + 31. What is the tens digit of j?
1
Suppose -3*d + 249 = -3*i + 3405, 0 = 3*i - d - 3146. What is the tens digit of i?
4
Let y = -56 - -197. Suppose -q + 168 = 2*o + 3*o, -4*o - 3*q + y = 0. What is the tens digit of o?
3
Let i(t) = t**3 + 3*t**2 - 2*t - 3. Let m be i(-3). Suppose -46 = -m*f - p - 0*p, 0 = 5*f - p - 82. What is the units digit of f?
6
Let h be 1/(4 + (-87)/21). Let x(q) = q**2 + 7*q + 2. Let c be x(h). Suppose -2*f + c*w + 56 = 0, -3*f + 4*w + 50 = -f. What is the tens digit of f?
3
Let a be (-2)/6*(-25 - -1). Suppose -252 = 4*f - a*f. What is the units digit of f?
3
Let o(u) be the second derivative of u**4/12 - 2*u**3 + 4*u**2 + u + 5. Suppose -v = -15 + 2. What is the units digit of o(v)?
1
Suppose 3*q - 345 = -3*u, 5*q - u + 5*u - 580 = 0. Let d = 190 - q. What is the units digit of d?
0
Suppose 5*s + 4*b = 2092, -2*s + 4*b = -475 - 373. Suppose -5*h = 3*i - 619, i + 4*h + s = 3*i. What is the units digit of i?
8
Suppose 0 = -2*x - 3*m + 215, 220 = 2*x - 4*m + 2*m. Let n = x - 13. What is the units digit of n?
6
Let s be 3 + -8*(-3)/6. Suppose -2*u + s*u = 35. What is the units digit of u?
7
Let z(a) be the third derivative of 0 + 0*a**4 + 0*a**5 + 0*a + 1/120*a**6 - 5*a**2 + 5/3*a**3. What is the tens digit of z(0)?
1
Let l = -20 + 11. Let p = l - -18. Suppose -p*d = -6*d - 99. What is the units digit of d?
3
Let o be (1 + (-28)/(-6))*-6. Suppose i - 5*v - 47 = 0, -3*v = -3*i - 8*v + 181. Let b = i + o. What is the units digit of b?
3
Let i = 101 + -79. What is the hundreds digit of (382/(-4))/((-11)/i)?
1
What is the units digit of 251*(-5 - -4)/((-3)/6)?
2
What is the tens digit of (-5)/(-3) + ((-35717)/(-33) - 3)?
8
Let b(q) = 4*q + 6. Let y be b(-7). Suppose 2*d - 18 - 34 = 3*o, d - 26 = -5*o. Let c = d - y. What is 